 of 77733692?
9
What is the tens digit of 38228524?
2
What is the ten thousands digit of 2446080922?
8
What is the thousands digit of 1319963?
9
What is the tens digit of 1187159702?
0
What is the hundred thousands digit of 1777126469?
1
What is the tens digit of 24030727?
2
What is the thousands digit of 2955196216?
6
What is the tens digit of 1179466684?
8
What is the thousands digit of 3750926267?
6
What is the ten millions digit of 29408055?
2
What is the units digit of 406702971?
1
What is the hundreds digit of 90650457?
4
What is the millions digit of 68203404?
8
What is the thousands digit of 98351277?
1
What is the thousands digit of 1033172901?
2
What is the ten millions digit of 77149213?
7
What is the ten millions digit of 192213901?
9
What is the millions digit of 257800199?
7
What is the units digit of 68247331?
1
What is the ten thousands digit of 30635003?
3
What is the tens digit of 323502297?
9
What is the tens digit of 3815304823?
2
What is the units digit of 877100740?
0
What is the ten millions digit of 2983834643?
8
What is the thousands digit of 9479253?
9
What is the millions digit of 25863805?
5
What is the hundred thousands digit of 373736530?
7
What is the hundred thousands digit of 849031806?
0
What is the thousands digit of 198845200?
5
What is the units digit of 2645041538?
8
What is the hundred thousands digit of 329169269?
1
What is the hundred millions digit of 3746354085?
7
What is the thousands digit of 120002848?
2
What is the hundred thousands digit of 646398221?
3
What is the tens digit of 59928055?
5
What is the tens digit of 86174053?
5
What is the thousands digit of 62390943?
0
What is the tens digit of 7341237?
3
What is the units digit of 1566118577?
7
What is the thousands digit of 1890357765?
7
What is the billions digit of 3881562772?
3
What is the ten millions digit of 39621833?
3
What is the millions digit of 6078048?
6
What is the hundreds digit of 8420352764?
7
What is the units digit of 2806298127?
7
What is the ten millions digit of 112443940?
1
What is the hundreds digit of 85243194?
1
What is the hundred thousands digit of 237279414?
2
What is the millions digit of 147007843?
7
What is the tens digit of 12491426?
2
What is the hundreds digit of 10492521?
5
What is the hundred thousands digit of 25915692?
9
What is the millions digit of 2235669?
2
What is the units digit of 730541871?
1
What is the ten millions digit of 446739878?
4
What is the thousands digit of 38596237?
6
What is the hundred thousands digit of 65307335?
3
What is the ten millions digit of 276262693?
7
What is the hundreds digit of 330564088?
0
What is the ten millions digit of 90675096?
9
What is the hundreds digit of 183452652?
6
What is the millions digit of 59470403?
9
What is the tens digit of 282733098?
9
What is the hundreds digit of 242171820?
8
What is the tens digit of 211296344?
4
What is the millions digit of 69734050?
9
What is the ten millions digit of 78800622?
7
What is the hundred millions digit of 120824806?
1
What is the ten thousands digit of 1732499062?
9
What is the hundreds digit of 724888108?
1
What is the tens digit of 11915340?
4
What is the ten millions digit of 491874355?
9
What is the hundreds digit of 122463734?
7
What is the units digit of 89842807?
7
What is the ten millions digit of 113165138?
1
What is the ten thousands digit of 161322471?
2
What is the thousands digit of 1260913585?
3
What is the tens digit of 1284340216?
1
What is the units digit of 1088648918?
8
What is the hundred thousands digit of 38291354?
2
What is the ten millions digit of 1228688715?
2
What is the hundred thousands digit of 7894359?
8
What is the ten millions digit of 252307583?
5
What is the tens digit of 134693266?
6
What is the millions digit of 1349911985?
9
What is the units digit of 247615730?
0
What is the hundred millions digit of 189462356?
1
What is the hundreds digit of 5440791878?
8
What is the millions digit of 1345745527?
5
What is the tens digit of 6572917?
1
What is the units digit of 55530090?
0
What is the ten thousands digit of 135012971?
1
What is the hundred thousands digit of 17926828?
9
What is the ten millions digit of 3420482611?
2
What is the hundred thousands digit of 226743024?
7
What is the units digit of 74041235?
5
What is the tens digit of 56259658?
5
What is the units digit of 210457796?
6
What is the ten millions digit of 463536254?
6
What is the ten thousands digit of 587187951?
8
What is the hundred millions digit of 213521371?
2
What is the tens digit of 44956028?
2
What is the tens digit of 4486155922?
2
What is the units digit of 779708378?
8
What is the hundreds digit of 373657344?
3
What is the tens digit of 2066048938?
3
What is the hundreds digit of 815996463?
4
What is the tens digit of 4370408914?
1
What is the thousands digit of 70993072?
3
What is the hundred thousands digit of 2132957426?
9
What is the tens digit of 43902148?
4
What is the millions digit of 407361061?
7
What is the hundred thousands digit of 717504240?
5
What is the units digit of 665757519?
9
What is the hundreds digit of 54529778?
7
What is the millions digit of 132475755?
2
What is the units digit of 289747280?
0
What is the ten thousands digit of 376865807?
6
What is the tens digit of 221927618?
1
What is the hundreds digit of 35986517?
5
What is the ten millions digit of 38560965?
3
What is the ten millions digit of 28292243?
2
What is the millions digit of 281389580?
1
What is the units digit of 15533784?
4
What is the ten millions digit of 699612005?
9
What is the units digit of 45238308?
8
What is the hundred millions digit of 120712607?
1
What is the ten thousands digit of 19183537?
8
What is the ten thousands digit of 898447449?
4
What is the tens digit of 216254225?
2
What is the ten millions digit of 657763304?
5
What is the millions digit of 72045483?
2
What is the hundreds digit of 3118822239?
2
What is the hundred millions digit of 161784920?
1
What is the tens digit of 9708940?
4
What is the hundreds digit of 797383497?
4
What is the tens digit of 471023346?
4
What is the hundred thousands digit of 34656562?
6
What is the hundreds digit of 101508823?
8
What is the billions digit of 3787206573?
3
What is the millions digit of 3528138?
3
What is the ten thousands digit of 127445661?
4
What is the units digit of 16564241?
1
What is the hundreds digit of 640619859?
8
What is the thousands digit of 13450934?
0
What is the ten thousands digit of 156414456?
1
What is the units digit of 283413593?
3
What is the ten millions digit of 59162506?
5
What is the millions digit of 7302283?
7
What is the tens digit of 67755762?
6
What is the hundred thousands digit of 561872966?
8
What is the millions digit of 1224663358?
4
What is the hundred thousands digit of 46444058?
4
What is the ten millions digit of 39369008?
3
What is the hundred thousands digit of 10435732?
4
What is the millions digit of 67512735?
7
What is the units digit of 273964329?
9
What is the units digit of 412416945?
5
What is the tens digit of 244247444?
4
What is the thousands digit of 557918851?
8
What is the thousands digit of 1114773697?
3
What is the tens digit of 395587566?
6
What is the units digit of 1231051763?
3
What is the hundreds digit of 340043455?
4
What is the millions digit of 493576900?
3
What is the ten millions digit of 228316332?
2
What is the tens digit of 4036515785?
8
What is the hundred millions digit of 219458777?
2
What is the tens digit of 92840802?
0
What is the units digit of 197824551?
1
What is the ten thousands digit of 173417621?
1
What is the tens digit of 274606933?
3
What is the tens digit of 1025400861?
6
What is the millions digit of 4548725?
4
What is the tens digit of 139803547?
4
What is the hundreds digit of 16555222?
2
What is the ten thousands digit of 77880795?
8
What is the thousands digit of 349575328?
5
What is the hundred millions digit of 339239612?
3
What is the hundred thousands digit of 3030376?
0
What is the units digit of 556348049?
9
What is the billions digit of 1816765128?
1
What is the thousands digit of 12062303?
2
What is the tens digit of 210103649?
4
What is the hundreds digit of 2672157376?
3
What is the ten millions digit of 915068366?
1
What is the thousands 